 of 4923973?
9
What is the hundred thousands digit of 477230?
4
What is the units digit of 329552?
2
What is the ten thousands digit of 13399670?
9
What is the hundreds digit of 2547782?
7
What is the tens digit of 701333?
3
What is the thousands digit of 224512?
4
What is the tens digit of 813656?
5
What is the units digit of 10979919?
9
What is the units digit of 113011?
1
What is the units digit of 719749?
9
What is the ten thousands digit of 428657?
2
What is the units digit of 9679614?
4
What is the hundred thousands digit of 593778?
5
What is the ten thousands digit of 1804578?
0
What is the hundreds digit of 890207?
2
What is the ten thousands digit of 102760?
0
What is the tens digit of 82587?
8
What is the hundred thousands digit of 599489?
5
What is the hundreds digit of 12938975?
9
What is the hundreds digit of 100129?
1
What is the ten thousands digit of 72652?
7
What is the units digit of 6968591?
1
What is the thousands digit of 256383?
6
What is the millions digit of 4823066?
4
What is the ten millions digit of 14981892?
1
What is the hundreds digit of 6529?
5
What is the units digit of 111572?
2
What is the thousands digit of 150346?
0
What is the ten thousands digit of 84174?
8
What is the tens digit of 399990?
9
What is the millions digit of 1983313?
1
What is the thousands digit of 11823912?
3
What is the hundred thousands digit of 825369?
8
What is the millions digit of 6881157?
6
What is the units digit of 233060?
0
What is the hundreds digit of 18910?
9
What is the units digit of 5699970?
0
What is the tens digit of 22472136?
3
What is the units digit of 12580840?
0
What is the tens digit of 3978983?
8
What is the units digit of 45285?
5
What is the units digit of 116051?
1
What is the millions digit of 1428917?
1
What is the units digit of 398384?
4
What is the hundreds digit of 203300?
3
What is the units digit of 3430631?
1
What is the tens digit of 2206233?
3
What is the thousands digit of 6220586?
0
What is the ten thousands digit of 7753897?
5
What is the tens digit of 1198675?
7
What is the hundred thousands digit of 693540?
6
What is the hundreds digit of 1761844?
8
What is the hundreds digit of 13613253?
2
What is the hundreds digit of 4550736?
7
What is the thousands digit of 225764?
5
What is the ten thousands digit of 86262?
8
What is the ten thousands digit of 388563?
8
What is the thousands digit of 99285?
9
What is the units digit of 443424?
4
What is the hundreds digit of 993816?
8
What is the hundred thousands digit of 1429193?
4
What is the millions digit of 5857375?
5
What is the tens digit of 1274085?
8
What is the hundreds digit of 32408?
4
What is the ten thousands digit of 39086238?
8
What is the hundred thousands digit of 3464182?
4
What is the hundred thousands digit of 318591?
3
What is the ten millions digit of 19570145?
1
What is the tens digit of 17033?
3
What is the millions digit of 2158352?
2
What is the hundred thousands digit of 532596?
5
What is the units digit of 253867?
7
What is the hundreds digit of 11474777?
7
What is the thousands digit of 1080662?
0
What is the ten millions digit of 16167618?
1
What is the thousands digit of 736920?
6
What is the units digit of 1847?
7
What is the hundreds digit of 8338850?
8
What is the tens digit of 867069?
6
What is the units digit of 7864513?
3
What is the thousands digit of 208249?
8
What is the units digit of 6118932?
2
What is the thousands digit of 25914?
5
What is the hundred thousands digit of 4911103?
9
What is the hundreds digit of 2593431?
4
What is the units digit of 254716?
6
What is the millions digit of 3788169?
3
What is the units digit of 460449?
9
What is the thousands digit of 1879564?
9
What is the hundreds digit of 830860?
8
What is the ten thousands digit of 3066383?
6
What is the ten thousands digit of 13572862?
7
What is the tens digit of 4907569?
6
What is the ten thousands digit of 73500?
7
What is the hundreds digit of 874224?
2
What is the hundreds digit of 349715?
7
What is the units digit of 14075045?
5
What is the units digit of 706739?
9
What is the units digit of 501895?
5
What is the ten thousands digit of 13838?
1
What is the thousands digit of 2594419?
4
What is the ten thousands digit of 6505711?
0
What is the hundred thousands digit of 722701?
7
What is the thousands digit of 236720?
6
What is the hundreds digit of 2069749?
7
What is the thousands digit of 11731751?
1
What is the hundreds digit of 2838328?
3
What is the units digit of 90012?
2
What is the ten thousands digit of 9368942?
6
What is the tens digit of 28644258?
5
What is the ten thousands digit of 392578?
9
What is the hundreds digit of 2882466?
4
What is the tens digit of 330242?
4
What is the tens digit of 64024?
2
What is the ten thousands digit of 51677?
5
What is the tens digit of 52094?
9
What is the ten thousands digit of 1152065?
5
What is the thousands digit of 1340034?
0
What is the tens digit of 303414?
1
What is the millions digit of 3017608?
3
What is the ten thousands digit of 59486?
5
What is the tens digit of 9156635?
3
What is the ten thousands digit of 167522?
6
What is the tens digit of 339111?
1
What is the thousands digit of 2061770?
1
What is the hundreds digit of 296258?
2
What is the tens digit of 557818?
1
What is the hundred thousands digit of 1380261?
3
What is the thousands digit of 3768024?
8
What is the thousands digit of 583236?
3
What is the ten thousands digit of 4895716?
9
What is the tens digit of 7577626?
2
What is the ten thousands digit of 1130396?
3
What is the hundred thousands digit of 1815488?
8
What is the hundreds digit of 415188?
1
What is the thousands digit of 301687?
1
What is the hundred thousands digit of 5608969?
6
What is the units digit of 3989288?
8
What is the ten thousands digit of 17157232?
5
What is the units digit of 3127561?
1
What is the thousands digit of 17465277?
5
What is the thousands digit of 94070?
4
What is the units digit of 10950648?
8
What is the hundred thousands digit of 573744?
5
What is the thousands digit of 21855015?
5
What is the thousands digit of 62455?
2
What is the hundreds digit of 163277?
2
What is the tens digit of 8675831?
3
What is the thousands digit of 3814384?
4
What is the hundred thousands digit of 246039?
2
What is the ten thousands digit of 3490953?
9
What is the hundreds digit of 7476349?
3
What is the units digit of 2633912?
2
What is the millions digit of 14015111?
4
What is the hundred thousands digit of 666161?
6
What is the units digit of 2334858?
8
What is the thousands digit of 2779098?
9
What is the hundred thousands digit of 3250027?
2
What is the units digit of 3500665?
5
What is the hundred thousands digit of 149941?
1
What is the tens digit of 522728?
2
What is the units digit of 184682?
2
What is the tens digit of 818902?
0
What is the tens digit of 249700?
0
What is the hundreds digit of 729027?
0
What is the millions digit of 4152347?
4
What is the ten thousands digit of 238106?
3
What is the units digit of 12193054?
4
What is the tens digit of 1939486?
8
What is the tens digit of 76478?
7
What is the hundred thousands digit of 2904286?
9
What is the hundred thousands digit of 1088812?
0
What is the ten thousands digit of 4266866?
6
What is the units digit of 65250?
0
What is the thousands digit of 33391842?
1
What is the hundreds digit of 275018?
0
What is the ten thousands digit of 122123?
2
What is the hundred thousands digit of 2044851?
0
What is the ten thousands digit of 10053799?
5
What is the units digit of 1220?
0
What is the hundred thousands digit of 173559?
1
What is the tens digit of 384985?
8
What is the hundreds digit of 739749?
7
What is the tens digit of 690940?
4
What is the millions digit of 1574791?
1
What is the hundreds digit of 178754?
7
What is the hundred thousands digit of 1775157?
7
What is the hundreds digit of 229916?
9
What is the tens digit of 22416?
1
What is the hundreds digit of 23967717?
7
What is the hundreds digit of 430762?
7
What is the units digit of 781658?
8
What is the thousands digit of 1783690?
3
What is the units digit of 427731?
1
What is the units digit of 435244?
4
What is the hundred thousands digit of 325858?
3
What is the ten thousands digit of 65636?
6
What is the ten thousands d